{"id":3925,"date":"2017-06-28T02:09:48","date_gmt":"2017-06-28T02:09:48","guid":{"rendered":"http:\/\/businesslounge-elementor.rtthemes.com\/?page_id=3925"},"modified":"2024-03-06T11:13:07","modified_gmt":"2024-03-06T11:13:07","slug":"projects","status":"publish","type":"page","link":"https:\/\/globalconnect.info.pl\/?page_id=3925","title":{"rendered":"Wszystkie projekty"},"content":{"rendered":"\t\t<div data-elementor-type=\"wp-post\" data-elementor-id=\"3925\" class=\"elementor elementor-3925\">\n\t\t\t\t\t\t<section class=\"elementor-section elementor-top-section elementor-element elementor-element-wdty2qz elementor-section-boxed elementor-section-height-default elementor-section-height-default default-style\" data-id=\"wdty2qz\" data-element_type=\"section\" data-e-type=\"section\" data-settings=\"{&quot;rt_color_sets&quot;:&quot;default-style&quot;}\">\n\t\t\t\t\t\t<div class=\"elementor-container elementor-column-gap-default\">\n\t\t\t\t\t<div class=\"elementor-column elementor-col-100 elementor-top-column elementor-element elementor-element-noa3r3s\" data-id=\"noa3r3s\" data-element_type=\"column\" data-e-type=\"column\">\n\t\t\t<div class=\"elementor-widget-wrap elementor-element-populated\">\n\t\t\t\t\t\t<div class=\"elementor-element elementor-element-kw4lvws elementor-widget elementor-widget-rt-portfolio\" data-id=\"kw4lvws\" data-element_type=\"widget\" data-e-type=\"widget\" data-widget_type=\"rt-portfolio.default\">\n\t\t\t\t<div class=\"elementor-widget-container\">\n\t\t\t\t\t\n\t\t\t\t\t\t<div class=\"filter-holder\" data-list-id=\"portfolio-dynamicID-799967\">\n\t\t\t\t\t\t\t<ul class=\"filter_navigation\">\n\t\t\t\t\t\t\t\t<li>\n\t\t\t\t\t\t\t\t\t<span>SORT PROJECTS<\/span>\n\t\t\t\t\t\t\t\t\t\t<ul>\n\t\t\t\t\t\t\t\t\t\t\t<li><a href=\"#\" data-filter=\"*\" class=\"active\" title=\"ALL\">ALL<\/a><\/li>\n\t\t\t\t\t\t\t\t\t\t\t<li><a data-filter=\".portfolio-42\" title=\"Arabia Saudyjska\">Arabia Saudyjska<\/a><\/li>\n<li><a data-filter=\".portfolio-41\" title=\"Irak\">Irak<\/a><\/li>\n<li><a data-filter=\".portfolio-40\" title=\"Salon\">Salon<\/a><\/li>\n\n\t\t\t\t\t\t\t\t\t\t<\/ul>\n\t\t\t\t\t\t\t\t<\/li>\n\t\t\t\t\t\t\t<\/ul>\n\t\t\t\t\t\t<\/div>\n<div id=\"portfolio-dynamicID-799967\" class=\"row portfolio_list rt-gallery clearfix  metro-gallery filterable\" data-column-width=\"3\">\n<div class=\"col col-xs-12 col-sm-6 col-md-6  rt-dynamic  portfolio-42 portfolio-40\">\n \n\n<!-- portfolio box-->\n<div class=\"loop style-2 hover-1 image post-5536 portfolio type-portfolio status-publish hentry portfolio_categories-arabia-saudyjska portfolio_categories-salon\" id=\"portfolio-5536\">\n\n\t<div class=\"portfolio-loop-item-wrapper\">\n\t\t\n\n\t\t\t\t\t\t<figure class=\"image-thumbnail\">\n\t\t\t\t\t\t\t<a href=\"https:\/\/globalconnect.info.pl\/?portfolio=pgc-saudi\" target=\"_self\" title=\"PGC Saudi\"><\/a>\n\t\t\t\t\t\t<\/figure>\n\n\t\t\t\t\t\t<div class=\"visible_title\">\n\t\t\t\t\t\t\t<h5 class=\"title\">PGC Saudi<\/h5>\n\t\t\t\t\t\t<\/div>\n\n\t\t\t\t\t\t<div class=\"overlay\">\n\t\t\t\t\t\t\t<section class=\"text\">\n\t\t\t\t\t\t\t\t\t\n\t\t\t\t\t\t\t\t<h5 class=\"title\"><a href=\"https:\/\/globalconnect.info.pl\/?portfolio=pgc-saudi\" target=\"_self\" rel=\"bookmark\">PGC Saudi<\/a><\/h5>\n\t\t\t\t\t\t\t\t<span class=\"terms\"><a href=\"https:\/\/globalconnect.info.pl\/?taxonomy=portfolio_categories&#038;term=arabia-saudyjska\" rel=\"tag\">Arabia Saudyjska<\/a>, <a href=\"https:\/\/globalconnect.info.pl\/?taxonomy=portfolio_categories&#038;term=salon\" rel=\"tag\">Salon<\/a><\/span>\n\t\t\t\t\t\t\t\t<p>Ju\u017c dzi\u015b rozwijaj biznes na jednym z najbardziej ambitnych i najlepiej finansowanych rynk\u00f3w \u015bwiataSalon PGC w Rijadzie Arabia Saudyjska to w tej chwili (2026) oko\u0142o 35\u201336 milion\u00f3w obywateli (z prognozami na 37\u201339 mln w najbli\u017cszych latach), z median\u0105 wieku oko\u0142o 32 lat i dynamicznie rosn\u0105c\u0105 klas\u0105 \u015bredni\u0105. Ka\u017cdego roku przybywa setki tysi\u0119cy mieszka\u0144c\u00f3w, a gospodarka [&hellip;]<a class=\"read_more\" href=\"https:\/\/globalconnect.info.pl\/?portfolio=pgc-saudi\" target=\"_self\"><\/a><\/p>\t\t\t\t\n\t\t\t\t\t\t\t\t\t\n\t\t\t\t\t\t\t<\/section> \t\n\t\t\t\t\t\t<\/div>\n\n\t\t\t\t\t\t<\/div>\n<\/div> \n<!-- \/ portfolio box-->\n<\/div>\n<div class=\"col col-xs-12 col-sm-3 col-md-3  rt-dynamic  portfolio-41\">\n \n\n<!-- portfolio box-->\n<div class=\"loop style-2 hover-1 image post-5414 portfolio type-portfolio status-publish has-post-thumbnail hentry portfolio_categories-irak\" id=\"portfolio-5414\">\n\n\t<div class=\"portfolio-loop-item-wrapper\">\n\t\t\n\n\t\t\t\t\t\t<figure class=\"image-thumbnail\">\n\t\t\t\t\t\t\t<a href=\"https:\/\/globalconnect.info.pl\/?portfolio=pgc-agro-irak\" target=\"_self\" title=\"PGC Agro Irak\"><img fetchpriority=\"high\" decoding=\"async\" src=\"https:\/\/globalconnect.info.pl\/wp-content\/uploads\/2024\/12\/image00009-scaled-960x960.jpeg\" alt=\"\" class=\"\" width=\"960\" height=\"960\" \/><\/a>\n\t\t\t\t\t\t<\/figure>\n\n\t\t\t\t\t\t<div class=\"visible_title\">\n\t\t\t\t\t\t\t<h5 class=\"title\">PGC Agro Irak<\/h5>\n\t\t\t\t\t\t<\/div>\n\n\t\t\t\t\t\t<div class=\"overlay\">\n\t\t\t\t\t\t\t<section class=\"text\">\n\t\t\t\t\t\t\t\t\t\n\t\t\t\t\t\t\t\t<h5 class=\"title\"><a href=\"https:\/\/globalconnect.info.pl\/?portfolio=pgc-agro-irak\" target=\"_self\" rel=\"bookmark\">PGC Agro Irak<\/a><\/h5>\n\t\t\t\t\t\t\t\t<span class=\"terms\"><a href=\"https:\/\/globalconnect.info.pl\/?taxonomy=portfolio_categories&#038;term=irak\" rel=\"tag\">Irak<\/a><\/span>\n\t\t\t\t\t\t\t\t<p>Gospodarstwo rolne w Majsan O Projekcie PGC Agro Irak, b\u0119d\u0105ce cz\u0119\u015bci\u0105 Poland Global Connect, to eksperymentalne gospodarstwo oraz centrum logistyczne i handlowe w prowincji Majsan w po\u0142udniowo-wschodnim Iraku. Projekt ten jest skoncentrowany na wspieraniu sektora rolnego, oferuj\u0105c polskim i mi\u0119dzynarodowym firmom mo\u017cliwo\u015b\u0107 rozszerzenia dzia\u0142alno\u015bci na dynamicznie rozwijaj\u0105cym si\u0119 rynku irackim. Obecnie zagospodarowane 50 hektar\u00f3w w [&hellip;]<a class=\"read_more\" href=\"https:\/\/globalconnect.info.pl\/?portfolio=pgc-agro-irak\" target=\"_self\"><\/a><\/p>\t\t\t\t\n\t\t\t\t\t\t\t\t\t\n\t\t\t\t\t\t\t<\/section> \t\n\t\t\t\t\t\t<\/div>\n\n\t\t\t\t\t\t<\/div>\n<\/div> \n<!-- \/ portfolio box-->\n<\/div>\n<div class=\"col col-xs-12 col-sm-3 col-md-3  rt-dynamic  portfolio-41 portfolio-40\">\n \n\n<!-- portfolio box-->\n<div class=\"loop style-2 hover-1 image post-3918 portfolio type-portfolio status-publish has-post-thumbnail hentry portfolio_categories-irak portfolio_categories-salon\" id=\"portfolio-3918\">\n\n\t<div class=\"portfolio-loop-item-wrapper\">\n\t\t\n\n\t\t\t\t\t\t<figure class=\"image-thumbnail\">\n\t\t\t\t\t\t\t<a href=\"https:\/\/globalconnect.info.pl\/?portfolio=salon-pgc-irak\" target=\"_self\" title=\"Salon PGC w Iraku\"><img decoding=\"async\" src=\"https:\/\/globalconnect.info.pl\/wp-content\/uploads\/2017\/06\/project-5-960x960.jpg\" alt=\"\" class=\"\" width=\"960\" height=\"960\" \/><\/a>\n\t\t\t\t\t\t<\/figure>\n\n\t\t\t\t\t\t<div class=\"visible_title\">\n\t\t\t\t\t\t\t<h5 class=\"title\">Salon PGC w Iraku<\/h5>\n\t\t\t\t\t\t<\/div>\n\n\t\t\t\t\t\t<div class=\"overlay\">\n\t\t\t\t\t\t\t<section class=\"text\">\n\t\t\t\t\t\t\t\t\t\n\t\t\t\t\t\t\t\t<h5 class=\"title\"><a href=\"https:\/\/globalconnect.info.pl\/?portfolio=salon-pgc-irak\" target=\"_self\" rel=\"bookmark\">Salon PGC w Iraku<\/a><\/h5>\n\t\t\t\t\t\t\t\t<span class=\"terms\"><a href=\"https:\/\/globalconnect.info.pl\/?taxonomy=portfolio_categories&#038;term=irak\" rel=\"tag\">Irak<\/a>, <a href=\"https:\/\/globalconnect.info.pl\/?taxonomy=portfolio_categories&#038;term=salon\" rel=\"tag\">Salon<\/a><\/span>\n\t\t\t\t\t\t\t\t<p>Donec porta tortor eget eros finibus, finibus hendrerit elit venenatis faucibus orci luctus et ultrices posuere.\r\n<a class=\"read_more\" href=\"https:\/\/globalconnect.info.pl\/?portfolio=salon-pgc-irak\" target=\"_self\"><\/a><\/p>\t\t\t\t\n\t\t\t\t\t\t\t\t\t\n\t\t\t\t\t\t\t<\/section> \t\n\t\t\t\t\t\t<\/div>\n\n\t\t\t\t\t\t<\/div>\n<\/div> \n<!-- \/ portfolio box-->\n<\/div>\n<\/div>\n\t\t\t\t<\/div>\n\t\t\t\t<\/div>\n\t\t\t\t\t<\/div>\n\t\t<\/div>\n\t\t\t\t\t<\/div>\n\t\t<\/section>\n\t\t\t\t<\/div>\n\t\t","protected":false},"excerpt":{"rendered":"<p>SORT PROJECTS ALL Lansman Organization Research Seminar Training EU Technology Summit Organization EU Technology Summit Organization Organization Donec porta tortor eget eros finibus, finibus hendrerit elit venenatis faucibus orci luctus et ultrices posuere. Tech Drones Lansman Tech Drones Lansman Lansman Sed risus tellus, malesuada et accumsan vitae, aliquet eget nisl. Duis semper quis neque a [&hellip;]<\/p>\n","protected":false},"author":1,"featured_media":0,"parent":0,"menu_order":0,"comment_status":"closed","ping_status":"closed","template":"","meta":{"footnotes":""},"class_list":["post-3925","page","type-page","status-publish","hentry"],"_links":{"self":[{"href":"https:\/\/globalconnect.info.pl\/index.php?rest_route=\/wp\/v2\/pages\/3925","targetHints":{"allow":["GET"]}}],"collection":[{"href":"https:\/\/globalconnect.info.pl\/index.php?rest_route=\/wp\/v2\/pages"}],"about":[{"href":"https:\/\/globalconnect.info.pl\/index.php?rest_route=\/wp\/v2\/types\/page"}],"author":[{"embeddable":true,"href":"https:\/\/globalconnect.info.pl\/index.php?rest_route=\/wp\/v2\/users\/1"}],"replies":[{"embeddable":true,"href":"https:\/\/globalconnect.info.pl\/index.php?rest_route=%2Fwp%2Fv2%2Fcomments&post=3925"}],"version-history":[{"count":1,"href":"https:\/\/globalconnect.info.pl\/index.php?rest_route=\/wp\/v2\/pages\/3925\/revisions"}],"predecessor-version":[{"id":4996,"href":"https:\/\/globalconnect.info.pl\/index.php?rest_route=\/wp\/v2\/pages\/3925\/revisions\/4996"}],"wp:attachment":[{"href":"https:\/\/globalconnect.info.pl\/index.php?rest_route=%2Fwp%2Fv2%2Fmedia&parent=3925"}],"curies":[{"name":"wp","href":"https:\/\/api.w.org\/{rel}","templated":true}]}}